. Let u = 1 + -1. List the prime factors of z(u).
2
Let r(m) be the first derivative of -m**4/4 + m**2 - 3*m + 4. List the prime factors of r(-3).
2, 3
Suppose -2*o + 12 = -3*m + o, -4*o = 4*m. What are the prime factors of -2 - 0 - m - -9?
3
Let d = 8 - -122. List the prime factors of d.
2, 5, 13
Suppose 2*k + 3*t - 57 = -12, -2*k + 47 = t. Let l = -37 - -25. Let u = l + k. What are the prime factors of u?
2, 3
Let m(x) = -2*x - 4. Let y be m(-5). Let p(z) = z + 2. List the prime factors of p(y).
2
Suppose -4*s = 5*s - 2475. List the prime factors of s.
5, 11
Suppose 3*a - 2*f = 6, -2*f = -2*a + 6 - 2. Suppose a*d = -2*d + 40. Suppose 4*v - d = 2. What are the prime factors of v?
3
Suppose 5*k = -21 - 159. Let v = -22 - k. List the prime factors of v.
2, 7
Let o = 18 - 13. Let b be (8/o)/(4/10). Suppose 3*m + 4*r - 2 = 0, b*m + 5*r - 5 + 1 = 0. What are the prime factors of m?
2, 3
Suppose 0*f = 2*f - 66. What are the prime factors of f?
3, 11
Suppose -4*c = -2*l + 364, -c = 5*l + 2*c - 845. List the prime factors of l.
2, 43
Suppose 353 = 4*c - 2407. Suppose 3*i - 3*o + 1026 = 0, -2*i - o - c = -0*o. What are the prime factors of i/(-28) - (-2)/(-7)?
2, 3
Suppose 3*f - 8*f + 330 = 0. What are the prime factors of f?
2, 3, 11
List the prime factors of 1523/9 - (-28)/(-126).
13
Let p(k) = k**2 - 9*k - 6. Let j be p(10). Let q be 12/((-4)/2) + 0. Let b = j - q. List the prime factors of b.
2, 5
Suppose 0 = -x - x + 12. Suppose 0 = -2*z + 3 + 77. Suppose x*v - z = v. What are the prime factors of v?
2
Suppose i = 4*i - 126. What are the prime factors of i/3 + (-3 - -1)?
2, 3
Let d(s) = s - 11. Let l be d(11). Suppose 9 + l = 3*m. Suppose -m*o - 2*o = -85. What are the prime factors of o?
17
Let x(r) = 14*r + 1. Let v be x(1). Suppose q = -4*q - v. What are the prime factors of 3*q/(-9)*10?
2, 5
Suppose 3*w = 4*l - 396, 4*w + 12 = 4*l - 380. List the prime factors of l.
2, 3, 17
Suppose -29 + 197 = 3*z. What are the prime factors of z?
2, 7
Suppose -5*m - 3*o - 37 + 243 = 0, o = 2. List the prime factors of m.
2, 5
Let j(t) = t**2 + 4*t - 3. List the prime factors of j(3).
2, 3
Let s(c) = -6*c - 2. Let f be s(-2). Suppose -5 = 2*w - 4*u - 21, 4 = u. Let x = w - f. What are the prime factors of x?
2, 3
Let r(o) = o**3 + 13*o**2 + 15*o - 10. What are the prime factors of r(-11)?
67
Let w = -18 - -32. Suppose -51 = -5*g + w. List the prime factors of g.
13
Let z be 3/(3*(-2)/(-8)). Suppose 3*k + b - z*b = 36, 0 = -5*b - 10. What are the prime factors of k?
2, 5
Let f be (0 + -1)*0/1. Suppose -4*d + 2*l - l - 34 = f, -d - 3*l - 15 = 0. Let o = -5 - d. List the prime factors of o.
2
Let o be ((-20)/6)/((-4)/6). Let j = -3 + o. List the prime factors of j.
2
Suppose 0 = -2*w - 2*v + 29 + 31, -5*v = 3*w - 82. Suppose -12 = -2*z + w. List the prime factors of z.
23
Let x be (-31)/(-2) + 4/8. Let n = x + -11. What are the prime factors of n?
5
What are the prime factors of 159 + 0 + (-3)/(0 + 1)?
2, 3, 13
List the prime factors of ((-20)/6)/(11/(-165)).
2, 5
Let i be ((-8)/(-6))/(14/(-63)). List the prime factors of ((-4)/i)/((-16)/(-120)).
5
List the prime factors of 59/2 - 4/(-8).
2, 3, 5
Let r be (-26)/(-12) + (-2)/12. Suppose 4*p - 4 = 4*j, -r*j + 5*p = 2*p + 4. Let l = j + 2. What are the prime factors of l?
3
Suppose 0*i = 2*i - 50. Suppose -i - 2 = -3*t. List the prime factors of t.
3
Let o = 16 + 9. List the prime factors of o.
5
Suppose 3*o + 0*i = -5*i + 134, 4*o = -i + 156. Let j = o + -10. What are the prime factors of j?
2, 7
Let s(a) = a**2 - 11. Let r(g) = -g**2 + 11. Let n(x) = 3*r(x) + 2*s(x). Let q be n(0). Let d = q + 0. List the prime factors of d.
11
Let a(z) = z**3 - 4*z**2 - z - 4. Let p(o) = 4*o**3 - 15*o**2 - 5*o - 16. Let u(b) = -9*a(b) + 2*p(b). List the prime factors of u(5).
2, 3
Let f(q) = 2*q**3 + 17*q**2 + 2*q - 3. What are the prime factors of f(-8)?
3, 5
Let w(b) = -9*b**3 - b**2 + 3*b - 1. Let n be w(-3). Suppose -3*g + v - 55 + n = 0, 4*g = 3*v + 227. Suppose 0 = -2*r - 2*r + g. List the prime factors of r.
2, 7
Let f be (-10)/(-3) + (-2)/(-3). Suppose 8 = -2*t + b + 52, f*t - 3*b = 84. What are the prime factors of 4/(-6) + t/9?
2
Let q = 2 - -4. Suppose -2 + q = h. What are the prime factors of ((-18)/8)/((-1)/h)?
3
Suppose 2*x = 3*h - x - 9, -5*h + 2*x + 18 = 0. Suppose 38 = 5*y - 4*l, h*l = 4*y + l - 31. List the prime factors of y.
2, 5
Let a = 1 + 4. Let i(k) = -k**3 - 1. Let d(j) = -4*j**2 - 6*j - 6. Let o(n) = -d(n) + i(n). What are the prime factors of o(a)?
2, 5
Let i be (2/(-14))/(6/(-42)). Suppose -g - 9 = 2*g. List the prime factors of i/(g/((-15)/1)).
5
Let g = 4 + -2. Suppose 0 = 3*a + g*a - 20. Suppose -a*i = -13 - 35. What are the prime factors of i?
2, 3
Suppose -4*d + 3*d + 9 = 0. Let l be 30/d*(-6)/(-4). Let k(u) = u**3 - 6*u**2 + 7*u + 1. What are the prime factors of k(l)?
11
Suppose 0 = 5*f - 3*f - 250. Suppose 7*s - 2*s = f. List the prime factors of s.
5
Let w(b) = -b**3 - 7*b**2 - 16*b - 2. List the prime factors of w(-7).
2, 5, 11
Suppose 2 = 5*u - 2*k - 67, 3*k - 59 = -5*u. What are the prime factors of u?
13
Let z(c) = 9*c**2 + c + 2. What are the prime factors of z(2)?
2, 5
Let a be -2 + (-1 - (3 - 25)). Suppose a = n - 0*n. What are the prime factors of n?
19
Let n = 3 - 3. Suppose v + i = -0*i + 1, n = -3*v - 2*i + 5. Suppose v*y - 4 = -q + 4, 2*q + 17 = 5*y. What are the prime factors of y?
3
Let b be (-4)/(-6) - 10/(-3). Suppose b*f - 4*t - 48 = 0, -2*f - 3*f + 63 = -4*t. List the prime factors of f.
3, 5
Suppose -16 = -5*h + h. List the prime factors of h.
2
Let w be 888/30 + 6/(-10). List the prime factors of w*3*4/12.
29
Let p be 0 + (0 - -1 - 11). Let c = p - -17. List the prime factors of c.
7
Suppose 0*i = i - 30. Suppose 4*p = -i + 94. Suppose 0 = -3*j + c + p, -3*j + j + 9 = c. What are the prime factors of j?
5
Let y(p) = -4*p - 2*p + 1 + 0*p**3 - p**3 - 6*p**2. List the prime factors of y(-5).
2, 3
Let i be (-22)/(-5) - 2/5. Let f(w) = w**2 - w + 3. What are the prime factors of f(i)?
3, 5
Suppose -8 = 2*u, 4*u = 2*v - u - 434. List the prime factors of v.
3, 23
What are the prime factors of (-5 + 164 + 4)/1?
163
Suppose 16*c = 15*c + 25. What are the prime factors of (-30)/c*35/(-2)?
3, 7
List the prime factors of (-1)/(-2) - 63/(-2).
2
Suppose -8*m = -833 - 959. List the prime factors of m.
2, 7
Suppose -2*i = 2*r + 2*i - 16, r = 3*i - 12. Suppose -4*y - 38 = -2*a, a - 5*y = -r*a + 13. Let c = 33 - a. What are the prime factors of c?
2, 5
Let b be (2/5)/((-2)/(-20)). Suppose -5*v + 95 = -b*g, -3*v + g = 2*v - 80. Suppose p - 5 = n, 3 - v = -2*p + 4*n. What are the prime factors of p?
2
Let m(n) = n**3 - 2*n**2 - 2*n - 1. Let s be m(3). Suppose 0 = 5*c + l - 3*l - 58, -s*c - 4*l + 4 = 0. List the prime factors of c.
2, 5
Let b(r) = -r - 4 + 3*r**2 - 7*r**2 + 5*r**2 - 5. What are the prime factors of b(8)?
47
Suppose 0 = -22*c + 16*c + 510. What are the prime factors of c?
5, 17
Let j(g) = 2*g + 6. Let l(b) = b + 7. Let k be l(0). What are the prime factors of j(k)?
2, 5
Suppose -4*b + 3*b - 2*c + 99 = 0, 301 = 3*b + 2*c. What are the prime factors of b?
101
Let x(o) = 4*o - 4. Let k be x(8). Suppose 0 = -5*g - 2*q + 52, -4*g = -0*q + 5*q - k. What are the prime factors of g?
2, 3
Let d(s) = s. Let x be d(6). Let u(h) = -10 - 4*h**3 + 3*h**3 + 2*h + 2*h - x*h**2. List the prime factors of u(-7).
11
Suppose m + s = 10, -m + 8 = -4*s - 2. Suppose -q + m = -13. List the prime factors of q.
23
List the prime factors of 12/42 + 180/7.
2, 13
Let h = 10 + -7. Let z be 3 + (-3)/h*6. List the prime factors of (6 + -3)*5 + z.
2, 3
Suppose 3*s - 45 = -d - 2*d, 105 = 5*s - 5*d. What are the prime factors of s?
2, 3
Let k(g) = g**3 + 6*g**2 + 5*g + 3. Let d = 16 + -26. Let q be (15/d)/((-3)/(-8)). List the prime factors of k(q).
3, 5
Let i be 16/(-6)*(-2 - -5). Let a be 4/(-16) - 58/i. Let m(d) = d**2 - 7*d + 2. List the prime factors of m(a).
2
Let n(m) = m**2 - 6*m + 3. Let u be n(6). Suppose 3*w + u*w = 162. List the prime factors of w.
3
Let q be -10*(1/2)/(-1). Let a = q + 3. List the prime factors of a.
2
Let x be 6/4*4/3. Suppose 8 = 3*q + q. Suppose -q*g = -3*y + 5, -x*g + 5*g + 5 = 4*y. What are the prime factors of g?
5
Let c = 47 - 4. List the prime factors of c.
43
Let q =